 v**3 + 17*v**2 + 17*v + 12. Calculate f(-16).
-4
Let h(g) = -g - 12. What is h(-11)?
-1
Let c(r) = 9*r + 2. What is c(4)?
38
Let k(g) = 6*g + 41. Calculate k(-9).
-13
Let j(b) = 5*b**2 - 2*b - 1. Calculate j(-1).
6
Let g(o) = o**3 + 8*o**2 + 9*o + 17. Calculate g(-7).
3
Let y(o) = o**3 + 16*o**2 - 23*o - 55. Determine y(-17).
47
Let v(g) = -g**2 - 7*g - 14. Give v(-5).
-4
Let k(u) = -3*u**2 - 22*u - 4. Determine k(-7).
3
Let z(h) = -17*h - 69. Calculate z(-4).
-1
Let x(h) = 2*h**2 - 16*h + 24. Calculate x(5).
-6
Let k(c) = -c**2 + 8*c - 1. Give k(5).
14
Let j(o) = o**2 - 7*o + 11. Give j(8).
19
Let a(x) = x**2 + 9*x + 15. Give a(-10).
25
Let o(l) = -l**2 + 5. Determine o(-3).
-4
Let l(t) = t**3 + 3*t**2 - 5*t + 11. Determine l(-4).
15
Let i(y) = -13*y**2 + 4*y - 4. Give i(1).
-13
Let i(o) = o**2 - 8*o + 3. What is i(9)?
12
Let v(a) = -67*a - 475. Calculate v(-7).
-6
Let b(u) = 16*u - 19. Give b(4).
45
Let q(c) = c**2 + 9*c + 16. What is q(-5)?
-4
Let s(m) = -9*m + 16. Calculate s(-6).
70
Let p(l) = 3*l**2 - 35*l + 45. Give p(10).
-5
Let n(l) = 43*l**2 + 8*l + 14. Determine n(-2).
170
Let x(t) = 3*t**3 + 4*t**2 + 4*t - 1. Give x(-3).
-58
Let s(c) = 29*c**3 + 3*c**2 + c - 1. Give s(-1).
-28
Let b(v) = -2*v**2 + 3*v + 2. What is b(2)?
0
Let t(m) = 34*m - 169. Determine t(5).
1
Let o(r) = r**3 + 5*r**2 + 2*r - 8. Calculate o(-2).
0
Let o(b) = -b**2 + 13*b - 22. Give o(10).
8
Let k(r) = r**3 - 8*r**2 + 4*r - 33. What is k(8)?
-1
Let u(c) = 7*c + 32. Give u(-5).
-3
Let g(z) = 11*z - 260. Calculate g(24).
4
Let a(q) = q**2 - 4*q + 4. What is a(4)?
4
Let x(k) = 2*k**2 - 11*k - 8. Determine x(6).
-2
Let i(o) = -4*o**2 - 2*o. Determine i(3).
-42
Let l(r) = 7*r + 233. What is l(-29)?
30
Let z(h) = 12*h**2 + 52*h + 13. Determine z(-4).
-3
Let i(q) = 7*q - 183. Give i(25).
-8
Let x(p) = -3*p**3 + 2*p**2 + 2*p + 1. Calculate x(-1).
4
Let k(p) = -7*p - 7. Determine k(-4).
21
Let m(r) = -4*r - 63. Determine m(-20).
17
Let k(v) = 2*v**2 + 22*v + 29. What is k(-4)?
-27
Let x(t) = t**3 - 8*t**2 + 15*t - 14. Give x(7).
42
Let i(g) = -g**3 - 12*g**2 - 2*g + 9. Determine i(-12).
33
Let l(g) = -g**2 - 2*g + 80. Determine l(8).
0
Let f(m) = 2*m**2 + 5*m + 2. What is f(-3)?
5
Let a(r) = 4*r + 13. Determine a(-2).
5
Let u(l) = -36*l + 8. What is u(-2)?
80
Let h(s) = -s**2 + 15*s + 17. Give h(14).
31
Let j(q) = 2*q**2 + 7*q + 2. Calculate j(-5).
17
Let y(f) = 2*f - 7. Determine y(5).
3
Let r(y) = 3*y**3 + 18*y**2 + y - 1. What is r(-6)?
-7
Let s(o) = 2*o + 1. Calculate s(5).
11
Let j(g) = g**3 - 7*g**2 + 8*g + 7. Give j(5).
-3
Let f(u) = u**3 + 11*u**2 - 2*u + 16. What is f(-11)?
38
Let h(x) = -x**3 + 6*x**2 - 8*x + 14. Calculate h(6).
-34
Let u(q) = -q**2 + 9*q + 10. Give u(7).
24
Let m(r) = -15*r - 77. Calculate m(-6).
13
Let w(u) = -2*u + 39. Calculate w(20).
-1
Let v(k) = -k**3 - 7*k**2 - 15*k - 37. Determine v(-5).
-12
Let r(o) = 27*o**2 + 78*o - 2. Calculate r(-3).
7
Let d(z) = z + 14. Calculate d(5).
19
Let r(c) = -c**3 - 5*c**2 + c + 12. Calculate r(-6).
42
Let o(d) = -d**2 - 18*d - 11. Determine o(-15).
34
Let v(q) = -8*q**2 + q - 1. Determine v(1).
-8
Let l(a) = -a**3 - 12*a**2 - 8*a - 21. What is l(-10)?
-141
Let h(f) = -3*f + 39. What is h(16)?
-9
Let o(y) = -y + 2. Determine o(0).
2
Let c(p) = -25*p - 199. Determine c(-9).
26
Let t(z) = z**2 + 21*z - 33. What is t(-23)?
13
Let w(l) = -l**3 - 6*l**2 - 10. Give w(-6).
-10
Let b(v) = v**3 - 9*v**2 + 21*v - 10. Give b(6).
8
Let o(t) = -4*t + 10. Give o(4).
-6
Let k(i) = 2*i**3 + 48*i**2 - 51*i - 28. Determine k(-25).
-3
Let r(q) = 2*q**2 - 32*q - 106. Determine r(19).
8
Let p(o) = 13*o + 4. Give p(-3).
-35
Let h(c) = -3*c**2 + 7*c - 1. Give h(6).
-67
Let a(b) = -b**2 - 9*b - 1. Give a(-9).
-1
Let m(s) = 3*s**3 - s**2 + s - 1. What is m(1)?
2
Let h(f) = -f**3 - 2*f - 1. What is h(0)?
-1
Let y(n) = -6*n**2 + 19*n - 11. Give y(5).
-66
Let g(y) = 71*y - 4. What is g(-1)?
-75
Let m(u) = -2*u + 10. Calculate m(8).
-6
Let s(p) = -6*p**2 + p + 1. Calculate s(-1).
-6
Let d(t) = -t**3 - 2*t**2 + 3*t. Give d(-4).
20
Let t(l) = l**3 - 7*l**2 - 10*l + 12. Determine t(8).
-4
Let w(k) = -28*k + 1. Calculate w(-1).
29
Let t(g) = 32*g**2 + g. Determine t(1).
33
Let d(g) = g**3 - 4*g**2 - 4*g - 14. What is d(5)?
-9
Let k(q) = -2*q**2 + 7*q + 2. What is k(5)?
-13
Let c(k) = k**3 + 9*k**2 + k + 11. What is c(-9)?
2
Let p(f) = f**3 + 9*f**2 - 2*f - 13. What is p(-9)?
5
Let b(r) = r + 25. What is b(-5)?
20
Let w(q) = -7*q + 7. Give w(-5).
42
Let i(n) = -n - 26. Determine i(-15).
-11
Let z(j) = j + 1. What is z(3)?
4
Let f(c) = -5*c + 39. What is f(7)?
4
Let m(c) = -c**3 + 4*c**2 + 2*c + 7. Determine m(5).
-8
Let h(m) = 2*m**2 + 7*m - 2. What is h(-7)?
47
Let l(g) = g. Calculate l(-4).
-4
Let a(t) = t**3 + t**2 + 4*t - 4. What is a(2)?
16
Let v(m) = -m**2 - m - 7. Give v(0).
-7
Let x(m) = m**2 - 14*m + 2. What is x(13)?
-11
Let l(d) = -d**3 - 2*d**2 + 3*d - 1. What is l(2)?
-11
Let p(x) = -x**2 - 37. Calculate p(0).
-37
Let p(j) = -j**3 + 14*j**2 - 42*j. Give p(9).
27
Let s(x) = -3*x + 1. Give s(5).
-14
Let t(j) = 10*j**2 - 2*j - 2. Calculate t(-1).
10
Let m(p) = -19*p + 130. Give m(7).
-3
Let i(n) = -n**2 - 4*n + 5. Calculate i(-7).
-16
Let b(c) = 54*c**2 - 17*c - 16. Give b(-1).
55
Let x(l) = l**3 - 2*l**2 + l + 1. What is x(3)?
13
Let i(l) = 4*l - 1. Calculate i(-4).
-17
Let d(p) = -p**3 + 5*p**2 + 8*p - 4. Determine d(6).
8
Let i(r) = -r**3 + 22*r**2 - 41*r + 23. What is i(20)?
3
Let o(m) = -m**2 - 14*m - 25. What is o(-12)?
-1
Let z(l) = -l**2 + 4*l - 5. Give z(5).
-10
Let n(x) = -7*x + 3. Determine n(3).
-18
Let g(j) = -j**3 + 4*j**2 + 3*j + 3. Give g(4).
15
Let j(z) = 3*z**2 - 62*z - 93. Give j(22).
-5
Let f(y) = -3*y**2 - 19*y - 4. Calculate f(-6).
2
Let v(t) = 8*t + 17. Determine v(-7).
-39
Let g(x) = 8*x - 13. Calculate g(3).
11
Let f(r) = r**3 - 8*r**2 - 12*r - 4. Determine f(9).
-31
Let z(p) = p**3 - p**2 - p + 61. Determine z(0).
61
Let j(d) = -2*d**3 + 33*d**2 - 17*d - 39. Give j(16).
-55
Let f(u) = -u + 4. Give f(-7).
11
Let p(z) = z**2 - 5*z - 12. Determine p(5).
-12
Let z(n) = -n**3 + 4*n**2 + 8*n + 3. Determine z(-3).
42
Let z(m) = -m**2 + 4*m + 34. Determine z(8).
2
Let n(b) = 2*b**2 + 51*b + 1. Give n(-25).
-24
Let m(t) = 14*t + 12. Determine m(-5).
-58
Let w(b) = 47*b**3 - 4*b + 3. What is w(1)?
46
Let d(x) = x**3 - 12*x**2 + 7*x + 30. Give d(9).
-150
Let s(p) = p**2 + 7*p + 3. Determine s(-6).
-3
Let d(r) = 15*r + 6. Calculate d(-5).
-69
Let s(t) = -22*t + 10. Give s(1).
-12
Let t(h) = -23*h + 5. Determine t(-3).
74
Let c(q) = -q**3 - 7*q**2 + 3*q + 6. Give c(-8).
46
Let b(i) = -i - 6. Give b(15).
-21
Let u(f) = -7*f - 5. Determine u(-2).
9
Let r(k) = -k + 2. Give r(-14).
16
Let u(f) = -f**2 - 16*f - 25. What is u(-11)?
30
Let s(q) = 4*q - 8. What is s(3)?
4
Let v(h) = -8*h - 48. What is v(-5)?
-8
Let d(v) = 9*v - 15. Calculate d(6).
39
Let w(n) = -9*n - 1. What is w(-8)?
71
Let c(m) = -m**3 - 20*m**2 + 19*m - 28. Give c(-21).
14
Let q(w) = 3*w**2 - 1. Calculate q(3).
26
Let b(s) = s**3 - 9*s**2 - 3*s + 38. Give b(9).
11
Let s(x) = x**3 - 9*x**2 + 11*x - 8. What is s(7)?
-29
Let w(d) = -28*d**2 - 3. What is w(-2)?
-115
Let p(f) = f - 21. Give p(16).
-5
Let g(y) = y**3 - 15*y**2 + 25*y + 11. Determine g(13).
-2
Let f(b) = b**2 - 17. What is f(7)?
32
Let u(q) = 7*q**2 + q + 5. What is u(3)?
71
Let z(u) = -4*u - 21. Calculate z(-5).
-1
Let t(s) = -2*s + 6. Determine t(-5).
16
Let h(q) = -q**3 - 5*q**2 + 8*q - 4. Calculate h(-6).
-16
Let z(o) = 28*o - 7. Determine z(2).
49
Let j(w) = -16*w**2 + 3. Calculate j(2).
-61
Let x(n) = n**3 - 33*n**2 + 31*n + 31. Calculate x(32).
-1
Let n(y) = -y**3 + 6*y**2 + 2*y + 2. Calculate n(7).
-33
Let p(t) = 5*t - 8. Determine p(-4).
-28
Let p(j) = 3*j**3 + 68*j**2 - 23*j + 35. Calculate p(-23).
35
Let j(b) = -b**2 + 5*b + 5. What is j(6)?
-1
Let q(y) = 9*y**2 - 7*y - 1. Calculate q(1).
1
Let t(z) = -5*z + 1. Calculate t(2).
-9
Let p(k) = -k**3 + 6*k**2 + 2*k - 18. Determine p(6).
-6
Let x(h) = 9*h**2 + 2*h - 2. What is x(1)?
9
Let h(s) = s**2 + 6*s + 6. Calculate h(-4).
-2
Let w(m) = 7*m + 7. Calculate w(-1).
0
Let o(l) = -8*l + 29. Give o(7).
-27
Let y(i) = -i**3 + 9*i**2 - 4*i - 4. Calculate y(9).
-40
Let k(g) = -g - 10. Calculate k(-10).
0
Let l(o) = -o + 1. What is l(-3)?